s 11 a factor of 779189639?
False
Is 1986 a factor of 1837605143?
False
Is 1435135338 a multiple of 13?
True
Is 40600725 a multiple of 11?
True
Is 954 a factor of 100733492?
False
Does 20 divide 499860427?
False
Does 41 divide 167902663?
False
Is 119278418 a multiple of 2?
True
Is 4669799316 a multiple of 156?
True
Is 347392168 a multiple of 3?
False
Is 845 a factor of 17090970?
True
Is 533356672 a multiple of 3904?
True
Is 324 a factor of 33614676?
True
Is 3522513096 a multiple of 3492?
True
Is 106 a factor of 9332982?
True
Is 1061 a factor of 294379755?
True
Is 111 a factor of 30101646?
True
Is 530271735 a multiple of 51?
True
Does 66 divide 357912118?
False
Is 3409956223 a multiple of 18?
False
Does 5 divide 93891705?
True
Is 7 a factor of 323896?
False
Does 9 divide 1563315?
False
Is 193163056 a multiple of 5374?
True
Is 3223 a factor of 225719788?
False
Is 23 a factor of 84367220?
True
Is 88437721 a multiple of 294?
False
Is 206 a factor of 723826706?
False
Is 612 a factor of 4493233620?
True
Is 30 a factor of 340461000?
True
Is 182 a factor of 95449900?
True
Is 2918 a factor of 202185302?
True
Is 1905 a factor of 3559061967?
False
Is 263 a factor of 48533000?
False
Does 23 divide 713206732?
False
Does 6 divide 12686454?
True
Is 11 a factor of 18950025?
False
Does 72 divide 4152052?
False
Is 2306601024 a multiple of 10864?
True
Is 309 a factor of 65084670?
True
Does 372 divide 1778055542?
False
Does 205 divide 10315736?
False
Does 14 divide 79056432?
True
Does 6 divide 14997852?
True
Is 10 a factor of 17957460?
True
Does 54 divide 94205904?
False
Is 41 a factor of 800656647?
False
Is 4945464 a multiple of 72?
True
Is 684 a factor of 1259450568?
True
Does 1374 divide 1247481335?
False
Does 13 divide 805799670?
True
Is 224 a factor of 4684641510?
False
Is 133369054 a multiple of 19?
False
Is 53 a factor of 66169386?
False
Is 37 a factor of 20717040?
True
Is 4783967711 a multiple of 171?
False
Is 1282 a factor of 431860869?
False
Does 211 divide 17461823?
False
Is 274670364 a multiple of 7901?
True
Does 16 divide 142427664?
True
Does 17 divide 375741295?
False
Is 42955665 a multiple of 23?
False
Does 2 divide 3806662?
True
Is 10 a factor of 71994344?
False
Does 15 divide 30675183?
False
Is 394919946 a multiple of 2?
True
Does 291 divide 149767224?
True
Is 396349895 a multiple of 51?
False
Is 272 a factor of 79337504?
True
Is 216433103 a multiple of 54?
False
Is 281 a factor of 6907823?
True
Does 114 divide 35335440?
True
Does 3094 divide 153986456?
False
Does 22 divide 22606367?
False
Does 49 divide 1176147?
True
Does 435 divide 26456265?
True
Does 3045 divide 81755117?
False
Does 679 divide 4104974622?
True
Does 802 divide 180935120?
False
Does 3993 divide 321983541?
True
Is 3195124092 a multiple of 3250?
False
Is 1804 a factor of 1058702656?
True
Is 15425948 a multiple of 76?
True
Is 68 a factor of 27633840?
True
Does 118 divide 30929377?
False
Is 86 a factor of 537376225?
False
Is 745525056 a multiple of 1752?
True
Is 163624557 a multiple of 2344?
False
Is 144 a factor of 90944745?
False
Does 825 divide 435379649?
False
Is 168 a factor of 13751640?
True
Does 298 divide 552981018?
True
Is 966 a factor of 34274646?
True
Does 217 divide 502578070?
False
Is 857 a factor of 25153747?
False
Does 78 divide 4974214752?
True
Does 103 divide 33287443?
False
Is 1020832 a multiple of 32?
True
Is 3 a factor of 887764122?
True
Does 10 divide 41662591?
False
Is 4 a factor of 176546516?
True
Does 985 divide 73318889?
False
Is 123672384 a multiple of 2096?
True
Does 155 divide 344766994?
False
Does 13 divide 102623807?
True
Does 12 divide 35542140?
True
Does 479 divide 2119047543?
False
Is 9 a factor of 3038194053?
True
Is 258 a factor of 81859788?
True
Does 33 divide 25933314?
True
Is 145539339 a multiple of 525?
False
Does 10 divide 23913798?
False
Is 16436672 a multiple of 7?
True
Is 102 a factor of 524690487?
False
Does 73 divide 24911396?
True
Is 176 a factor of 390353392?
True
Is 23 a factor of 395703638?
True
Is 407527365 a multiple of 735?
True
Is 97407791 a multiple of 102?
False
Does 108 divide 690490?
False
Is 416 a factor of 23954112?
True
Is 35 a factor of 105432985?
True
Is 2 a factor of 89958234?
True
Is 8371299 a multiple of 475?
False
Is 32558137 a multiple of 45?
False
Is 3039479482 a multiple of 17?
False
Does 42 divide 173574702?
True
Does 1348 divide 584871588?
True
Is 1087 a factor of 1730283339?
True
Is 269 a factor of 3676423?
True
Is 170401772 a multiple of 74?
False
Does 5 divide 17684759?
False
Does 829 divide 1720996011?
False
Is 1005968395 a multiple of 3515?
True
Is 97 a factor of 4116525132?
False
Is 72595101 a multiple of 263?
True
Does 112 divide 122301536?
True
Is 86064778 a multiple of 122?
True
Is 3018 a factor of 250970844?
True
Does 8 divide 687164?
False
Is 1114 a factor of 26434994?
False
Is 13273613 a multiple of 418?
False
Is 5381376 a multiple of 128?
True
Is 6 a factor of 1862186993?
False
Does 83 divide 8166259693?
True
Does 80 divide 22156000?
True
Is 40927600 a multiple of 56?
True
Is 313 a factor of 156470857?
False
Is 1071 a factor of 314957538?
True
Is 1477796099 a multiple of 13?
True
Does 16 divide 5948984533?
False
Does 249 divide 1857042?
True
Is 40 a factor of 17125840?
True
Is 10 a factor of 34369058?
False
Is 549672136 a multiple of 106?
False
Is 1236047680 a multiple of 290?
False
Is 319363964 a multiple of 2602?
False
Is 19 a factor of 27296791?
False
Is 612473914 a multiple of 169?
True
Does 409 divide 509448355?
True
Is 35837612 a multiple of 62?
True
Is 43095811 a multiple of 920?
False
Does 59 divide 631766100?
True
Is 53 a factor of 83921026?
False
Does 119 divide 55284068?
True
Does 6 divide 21196459?
False
Is 111 a factor of 10546887?
True
Is 203620680 a multiple of 659?
False
Is 388 a factor of 1420349272?
True
Is 2610 a factor of 3630510?
True
Does 106 divide 132062265?
False
Does 29 divide 3567493?
True
Is 666594858 a multiple of 129?
True
Is 320711544 a multiple of 774?
True
Is 203511042 a multiple of 189?
True
Is 111 a factor of 44035371?
False
Does 1243 divide 1409249617?
False
Is 16 a factor of 320207391?
False
Is 227 a factor of 71629979?
False
Is 313 a factor of 18249778?
True
Is 3311845790 a multiple of 1266?
False
Does 265 divide 164615624?
False
Is 788 a factor of 22014200?
False
Is 57707757 a multiple of 854?
False
Is 28 a factor of 40938544?
False
Is 47868527 a multiple of 385?
False
Does 30 divide 58035510?
True
Does 46 divide 5257195?
False
Does 8 divide 489541800?
True
Is 287402760 a multiple of 6?
True
Is 368319667 a multiple of 1724?
False
Does 23 divide 56017227?
False
Does 3894 divide 21506562?
True
Does 551 divide 41086582?
False
Is 9 a factor of 9737874?
True
Does 309 divide 8964043?
False
Does 3188 divide 1252253418?
False
Is 1536056540 a multiple of 10?
True
Does 403 divide 286103402?
True
Does 1491 divide 2600045369?
False
Is 4358 a factor of 148676924?
False
Is 93725056 a multiple of 310?
False
Is 1662 a factor of 31199064?
True
Is 8 a factor of 54521336?
True
Is 46 a factor of 41413984?
True
Does 14 divide 710594948?
True
Does 27 divide 52176393?
True
Does 484 divide 92804580?
True
Is 8 a factor of 42164816?
True
Does 3 divide 61072400?
False
Is 195 a factor of 398845785?
True
Does 12 divide 183860804?
False
Is 167 a factor of 101360483?
True
Is 4024 a factor of 866441450?
False
Is 369 a factor of 822132?
True
Is 1418486472 a multiple of 70?
False
Does 176 divide 595062160?
True
Does 655 divide 1268415469?
False
Is 4390557948 a multiple of 3492?
True
Is 24520863 a multiple of 313?
False
Is 396223760 a multiple of 1955?
True
Does 30 divide 148102350?
True
Is 3009 a factor of 1744010382?
True
Is 396062072 a multiple of 56?
True
Is 5432466 a multiple of 39?
True
Is 587867125 a multiple of 125?
True
Does 136 divide 350712127?
False
Is 217 a factor of 583268985?
False
Does 4822 divide 361368247?
False
Does 3 divide 6951375?
True
Does 17 divide 796981828?
True
Does 789 divide 48097540?
False
Does 195 divide 30599010?
True
Is 268176018 a multiple of 11?
True
Does 225 divide 2018500425?
True
Is 2076855 even?
False
Is 149560971 a multiple of 109?
True
Does 44 divide 1242383093?
False
Is 469436280 a multiple of 628?
True
Is 835037785 a multiple of 88?
False
Is 4753434